{"id":51,"date":"2017-07-27T19:17:39","date_gmt":"2017-07-27T19:17:39","guid":{"rendered":"http:\/\/nawszelkiwypadek.eu\/?page_id=51"},"modified":"2019-07-26T09:30:02","modified_gmt":"2019-07-26T09:30:02","slug":"problem-z-samolotem","status":"publish","type":"page","link":"http:\/\/nawszelkiwypadek.eu\/?page_id=51","title":{"rendered":"Problem z lotem"},"content":{"rendered":"<p>Pomagamy naszym klientom uzyska\u0107 nale\u017cne odszkodowanie od przewo\u017anika w sytuacji:<\/p>\n<ul>\n<li>odwo\u0142anego lotu<\/li>\n<li>op\u00f3\u017anionego lotu\u00a0( &gt;3-godzinne op\u00f3\u017anienie lotu w dotarciu do miejsca docelowego)<\/li>\n<li>odmowy wej\u015bcia na pok\u0142ad z powodu przepe\u0142nienia (overbooking)<\/li>\n<\/ul>\n<p>Odszkodowania takie nale\u017c\u0105 si\u0119 osobom, kt\u00f3rych czas podr\u00f3\u017cy zosta\u0142 wyd\u0142u\u017cony z winy przewo\u017anika, o ile nie wyst\u0105pi\u0142y one na skutek nadzwyczajnych okoliczno\u015bci, za kt\u00f3re przewo\u017anik nie ponosi odpowiedzialno\u015bci (np. strajk pracownik\u00f3w lotniska, wybuch wulkanu, zamieszki, warunki pogodowe).<\/p>\n<p>Warto\u015bci odszkodowa\u0144 zale\u017cne s\u0105 od dystansu przebytego lotu jak i ca\u0142kowitego op\u00f3\u017anienia w porcie docelowym i wynosz\u0105 od 125 euro do 600 euro. O odszkodowanie za op\u00f3\u017aniony lot mo\u017cemy si\u0119 ubiega\u0107, je\u015bli samolot by\u0142 obs\u0142ugiwany przez przewo\u017anika europejskiego lub je\u015bli wylot nast\u0105pi\u0142 z portu lotniczego znajduj\u0105cego si\u0119 na terenie Unii Europejskiej.<\/p>\n<p>Warunkiem ubiegania si\u0119 o odszkodowanie jest posiadanie dokumentu potwierdzaj\u0105cego podr\u00f3\u017c (np. faktura, bilet, karta pok\u0142adowa, umowa z biurem podr\u00f3\u017cy).<\/p>\n<p>Roszczenia odszkodowawcze do linii lotniczych przedawniaj\u0105 si\u0119 w terminie jednego roku od dnia planowanego przelotu.<\/p>\n<p><a href=\"http:\/\/prawnik20.pl\/odszkodowania-loty\/t5dKz2\" target=\"_blank\" rel=\"noopener\">Sprawd\u017a czy nale\u017cy ci si\u0119 odszkodowanie za lot.<\/a><\/p>\n<h4 style=\"text-align: center;\">Aby uzyska\u0107 porad\u0119 wystarczy zadzwoni\u0107 lub wys\u0142a\u0107 sms o tre\u015bci &#8222;pomoc&#8221; na numer 732 510 997.<\/h4>\n","protected":false},"excerpt":{"rendered":"<p>Pomagamy naszym klientom uzyska\u0107 nale\u017cne odszkodowanie od przewo\u017anika w sytuacji: odwo\u0142anego lotu op\u00f3\u017anionego lotu\u00a0( &gt;3-godzinne op\u00f3\u017anienie lotu w dotarciu do miejsca docelowego) odmowy wej\u015bcia na pok\u0142ad z powodu przepe\u0142nienia (overbooking) Odszkodowania takie nale\u017c\u0105 si\u0119 osobom, kt\u00f3rych czas podr\u00f3\u017cy zosta\u0142 wyd\u0142u\u017cony z winy przewo\u017anika, o ile nie wyst\u0105pi\u0142y one na skutek nadzwyczajnych okoliczno\u015bci, za kt\u00f3re przewo\u017anik [&hellip;]<\/p>\n","protected":false},"author":1,"featured_media":0,"parent":0,"menu_order":0,"comment_status":"closed","ping_status":"closed","template":"","meta":[],"_links":{"self":[{"href":"http:\/\/nawszelkiwypadek.eu\/index.php?rest_route=\/wp\/v2\/pages\/51"}],"collection":[{"href":"http:\/\/nawszelkiwypadek.eu\/index.php?rest_route=\/wp\/v2\/pages"}],"about":[{"href":"http:\/\/nawszelkiwypadek.eu\/index.php?rest_route=\/wp\/v2\/types\/page"}],"author":[{"embeddable":true,"href":"http:\/\/nawszelkiwypadek.eu\/index.php?rest_route=\/wp\/v2\/users\/1"}],"replies":[{"embeddable":true,"href":"http:\/\/nawszelkiwypadek.eu\/index.php?rest_route=%2Fwp%2Fv2%2Fcomments&post=51"}],"version-history":[{"count":9,"href":"http:\/\/nawszelkiwypadek.eu\/index.php?rest_route=\/wp\/v2\/pages\/51\/revisions"}],"predecessor-version":[{"id":461,"href":"http:\/\/nawszelkiwypadek.eu\/index.php?rest_route=\/wp\/v2\/pages\/51\/revisions\/461"}],"wp:attachment":[{"href":"http:\/\/nawszelkiwypadek.eu\/index.php?rest_route=%2Fwp%2Fv2%2Fmedia&parent=51"}],"curies":[{"name":"wp","href":"https:\/\/api.w.org\/{rel}","templated":true}]}}