{"id":96,"date":"2017-11-20T13:13:56","date_gmt":"2017-11-20T13:13:56","guid":{"rendered":"http:\/\/nawszelkiwypadek.eu\/?page_id=96"},"modified":"2018-02-24T19:30:10","modified_gmt":"2018-02-24T19:30:10","slug":"kredyty","status":"publish","type":"page","link":"http:\/\/nawszelkiwypadek.eu\/?page_id=96","title":{"rendered":"Kredyty"},"content":{"rendered":"<p><img decoding=\"async\" loading=\"lazy\" class=\"alignnone size-medium wp-image-442 aligncenter\" src=\"http:\/\/nawszelkiwypadek.eu\/wp-content\/uploads\/2018\/02\/pexels-photo-259251-1-300x173.jpeg\" alt=\"\" width=\"300\" height=\"173\" srcset=\"http:\/\/nawszelkiwypadek.eu\/wp-content\/uploads\/2018\/02\/pexels-photo-259251-1-300x173.jpeg 300w, http:\/\/nawszelkiwypadek.eu\/wp-content\/uploads\/2018\/02\/pexels-photo-259251-1-768x443.jpeg 768w, http:\/\/nawszelkiwypadek.eu\/wp-content\/uploads\/2018\/02\/pexels-photo-259251-1-1024x591.jpeg 1024w, http:\/\/nawszelkiwypadek.eu\/wp-content\/uploads\/2018\/02\/pexels-photo-259251-1.jpeg 1587w\" sizes=\"(max-width: 300px) 100vw, 300px\" \/><\/p>\n<p>Je\u015bli potrzebne jest wsparcie finansowe to mo\u017cemy pom\u00f3c:<\/p>\n<ul>\n<li>przy kredytach hipotecznych &#8211; mamy w ofercie propozycje wszystkich bank\u00f3w<\/li>\n<li>przy kredytach got\u00f3wkowych &#8211; dla os\u00f3b indywidualnych (bez zabezpieczenia)<\/li>\n<li>przy kredytach dla firm<\/li>\n<\/ul>\n<h4><strong>Spotkajmy si\u0119 i znajd\u017amy rozwi\u0105zanie \u2013\u00a0732 510 997.<\/strong><\/h4>\n","protected":false},"excerpt":{"rendered":"<p>Je\u015bli potrzebne jest wsparcie finansowe to mo\u017cemy pom\u00f3c: przy kredytach hipotecznych &#8211; mamy w ofercie propozycje wszystkich bank\u00f3w przy kredytach got\u00f3wkowych &#8211; dla os\u00f3b indywidualnych (bez zabezpieczenia) przy kredytach dla firm Spotkajmy si\u0119 i znajd\u017amy rozwi\u0105zanie \u2013\u00a0732 510 997.<\/p>\n","protected":false},"author":1,"featured_media":0,"parent":0,"menu_order":0,"comment_status":"closed","ping_status":"closed","template":"","meta":[],"_links":{"self":[{"href":"http:\/\/nawszelkiwypadek.eu\/index.php?rest_route=\/wp\/v2\/pages\/96"}],"collection":[{"href":"http:\/\/nawszelkiwypadek.eu\/index.php?rest_route=\/wp\/v2\/pages"}],"about":[{"href":"http:\/\/nawszelkiwypadek.eu\/index.php?rest_route=\/wp\/v2\/types\/page"}],"author":[{"embeddable":true,"href":"http:\/\/nawszelkiwypadek.eu\/index.php?rest_route=\/wp\/v2\/users\/1"}],"replies":[{"embeddable":true,"href":"http:\/\/nawszelkiwypadek.eu\/index.php?rest_route=%2Fwp%2Fv2%2Fcomments&post=96"}],"version-history":[{"count":4,"href":"http:\/\/nawszelkiwypadek.eu\/index.php?rest_route=\/wp\/v2\/pages\/96\/revisions"}],"predecessor-version":[{"id":445,"href":"http:\/\/nawszelkiwypadek.eu\/index.php?rest_route=\/wp\/v2\/pages\/96\/revisions\/445"}],"wp:attachment":[{"href":"http:\/\/nawszelkiwypadek.eu\/index.php?rest_route=%2Fwp%2Fv2%2Fmedia&parent=96"}],"curies":[{"name":"wp","href":"https:\/\/api.w.org\/{rel}","templated":true}]}}